*z + n = 31. Calculate b(z).
-3
Let t(u) = u - 1. Let q be 35*(8/(-40) - 6/(-15)). Suppose 1 = p + q. Calculate t(p).
-7
Suppose -17*u + 22*u - v - 82 = 0, 0 = -4*u - 2*v + 74. Let s(q) = q**3 - 18*q**2 + 15*q + 32. Calculate s(u).
-2
Let f(g) = -g**2 + g + 35. Suppose 4*w - 34*w = 2*w + 192. Give f(w).
-7
Let z(u) = 3*u + 9. Let n(b) = -22*b - 105. Let l(o) = n(o) + 6*z(o). Determine l(-9).
-15
Let z(n) = -7*n - 164. Suppose 4*a - 5*s = -118 - 8, 0 = 4*s - 24. Determine z(a).
4
Suppose 0 = 41*u - 44*u + 12. Let q(i) be the third derivative of i**4/12 + 5*i**3/6 - 26*i**2 + 4*i. Give q(u).
13
Let l(y) = -17*y + 3*y + 8*y + 6. Let m(x) = -5*x + 5. Let h(q) = 4*l(q) - 5*m(q). Let d be (27/(-6) - -1)/((-5)/(-10)). Determine h(d).
-8
Let x(p) = 704 - 1383 + 713 - 9*p. Calculate x(5).
-11
Let p(h) be the second derivative of -h**5/20 + h**4/3 - h**3/6 + 2*h**2 + 28*h - 11. Calculate p(4).
0
Suppose -5*j = 48 - 223. Suppose -k + j = 6*k. Let v(a) = a**2 - 6*a - 2. Give v(k).
-7
Let v be (-20)/50 + 48/20. Let o(a) = -2725*a + 1 + 4*a**v + 2729*a + 3 + a**3. Calculate o(-4).
-12
Suppose 6 - 1 = -5*c. Let j(u) be the second derivative of -u**3/6 + u**2/2 - 134*u + 2. Give j(c).
2
Suppose -i = 4*i - 45. Let a(m) = -2*m**3 + 28*m**2 + 2*m - 17. Let q(k) = -3*k**3 + 41*k**2 + 3*k - 26. Let h(f) = -7*a(f) + 5*q(f). Calculate h(i).
-2
Let k(q) = -2*q + 21. Let v(h) be the third derivative of h**5/30 - 17*h**4/6 + 68*h**3/3 - 3*h**2 + 2*h. Let n be v(32). Calculate k(n).
5
Let n be (2/(-4))/(1/10). Let h(p) = -10*p**2 - 6*p - 4. Let s(y) = -67*y**2 - 41*y - 27. Let x(u) = 20*h(u) - 3*s(u). What is x(n)?
11
Let w(p) = -p**3 - 19*p**2 - 22*p - 31. Let h be w(-18). Suppose -5*v - h = 49. Let c(g) = -2*g**2 - 35*g + 24. Determine c(v).
6
Let a = -77 + 81. Suppose -3*z + a*w = 0, 5*z = z + 3*w. Suppose -5*f - 18 = -4*u, -8*f + 7*f - 2 = z. Let l(b) = 2*b - 2. Give l(u).
2
Let t(v) = -v**2 + 4*v + 7. Suppose -24*p = -21*p - 6, 2 = 2*s - 5*p. Determine t(s).
-5
Let w(o) be the second derivative of -o**4/12 - 7*o**3/6 - 7*o**2/2 - 12*o. Let q be 2/(-17) + (-116)/(-986). Suppose q*d + 17*d = -68. What is w(d)?
5
Let p(t) = -4*t**2 + 12*t + 6. Let z(q) = 4*q**2 + 3 - 7*q**2 - 6*q**2 + 4*q**2 + 7*q + 3*q**2. Let h(m) = 6*p(m) - 11*z(m). Give h(-4).
-9
Let a = -104 - -65. Let i be 3/7 - a/7. Let g be 9/i + (-5)/(-30)*-3. Let z(w) = -10*w**2 - 2*w + 1. Give z(g).
-11
Let f be (-4 - -4 - -1)*0*7/42. Let l(b) = -b**2 + 2*b - 48. Give l(f).
-48
Let w(x) be the third derivative of 1/24*x**4 + 0*x - 1 + 1/60*x**5 + 52*x**2 + x**3. Give w(5).
36
Let i(l) = -389*l + 274*l + 11 + 138*l + 2*l**2. Give i(-12).
23
Let w = 1094 + -1096. Let z(v) = -4*v**2 - 2*v + 8. Let f(h) = h**2 + h - 3. Let q(x) = w*z(x) - 5*f(x). Let s = -8 + 6. Determine q(s).
13
Let h(b) be the second derivative of b**3 + 7*b**2/2 - 658*b. Calculate h(5).
37
Let q(i) = -3*i - 1. Let u(r) = 11*r - 8. Let n(k) = 12*q(k) + 3*u(k). Give n(-6).
-18
Let u(y) = -3*y - 12. Let z(r) be the third derivative of -r**6/40 + r**5/15 - r**4/24 + r**3/3 + 2*r**2 - 58*r. Let i be z(2). Determine u(i).
12
Let x(h) = h**2 + 4. Let d = 7053 - 7049. What is x(d)?
20
Let b(t) be the third derivative of 1/2*t**3 - 1/8*t**4 - 3*t**2 + 2*t + 0 - 1/60*t**5. Give b(2).
-7
Suppose -3*c - 10 = f - 0*c, 10 = -5*f + 5*c. Let y(m) be the third derivative of 1/8*m**4 + 1/60*m**5 - 1 - 3*m**2 + 0*m + 1/6*m**3. Calculate y(f).
5
Let f(r) = -134*r**2 + 27*r - 25. Let c(k) = -76*k**2 + 13*k - 12. Let h(o) = -7*c(o) + 4*f(o). Calculate h(3).
-1
Let k be 1464/(-120) - (-3)/15. Let l be (-6)/(-4)*32/k. Let s(j) = 5*j + 6. What is s(l)?
-14
Let f(s) = -2*s**2 - 3*s - 1. Let u(c) = c**3 - 8*c**2 + 27*c. Let l be u(8). Let x be -3*9/(l/16). What is f(x)?
-3
Let b(a) = 4*a - 73. Let v be b(19). Let o(t) = -244*t**3 + 245*t**v - 1 + 11*t + 9*t**2 - 4*t. Determine o(-8).
7
Let k(v) = -v**3 - 2*v**2 + 4. Let g(b) = 2*b - 18. Let m be g(9). Suppose -11*z + 9*z - 2 = m. Let q be 0 + 2 + (z - 4). What is k(q)?
13
Let t(b) = -b**2 + b - 1. Let a(l) = -3*l**2 - 13*l + 5. Let k(c) = a(c) - 2*t(c). Suppose 0 = 121*j + 1222 + 714. Determine k(j).
-9
Let u be -3*-3*6/18. Suppose -c + 2 = -b, 0 = u*c - 2*c. Let x(k) = 5*k**2 + 3*k + 3. What is x(b)?
17
Let g(j) = 44*j**2 + 48*j + 1. Let u be g(-1). Let b(i) = -7*i - 16. Determine b(u).
5
Let z be 2/(-10) - (-7)/35. Let r(v) = 44 + z*v - 42 + v. Let q be r(3). Let u(i) = -i + 9. Calculate u(q).
4
Let g(o) = -12*o - 208. Let b(w) = -w - 20. Let x(s) = 48*b(s) - 3*g(s). What is x(-28)?
0
Let u(d) = -29*d + 11. Suppose 4*k - 49 = -55*t + 60*t, 2*k - 12 = 0. What is u(t)?
156
Let r(m) = m**3 + 5*m**2 + 5*m + 5. Suppose -93 = -3*t + 930. Let c = 337 - t. Give r(c).
1
Let y(z) be the second derivative of z**3/6 + 5*z**2/2 + 90*z + 4. What is y(-9)?
-4
Let s(f) = -f**3 + 5*f**2 - 4*f - 3. Let l(g) be the first derivative of g**3/3 - 10*g**2 + 23*g - 29. Let w be l(19). Calculate s(w).
-3
Let o(z) = -z**2 + 71*z - 386. Let u be o(6). Let c(j) = 2*j**3 - 2*j**2 - 2*j + 1. What is c(u)?
89
Suppose 365 = -422*p + 23 - 80. Let h(q) = -11*q**3 + q + 6. Let s(c) = -10*c**3 + c + 5. Let a(b) = 4*h(b) - 5*s(b). What is a(p)?
-6
Let p(z) be the third derivative of z**4/8 - 7*z**3/3 + 128*z**2 + 4. Give p(6).
4
Suppose 284*f - 266*f - 72 = 0. Let l(y) = 13*y - 47. Determine l(f).
5
Let j(i) = -20*i - 182. Let y be (-3 + (-30)/(-3))*-1 + -3. Give j(y).
18
Suppose 2*t + 1 = -n, 2*n - 5*t - 24 - 1 = 0. Let f(u) be the third derivative of 5*u**4/24 + 5*u**3/6 - 9*u**2 - 1706. What is f(n)?
30
Let j(d) = -31*d - 9 - 6 + 124*d - 95*d - 16. What is j(-25)?
19
Suppose 0 = -3*j + 2*c - 0 + 1, 29 = 3*j + 5*c. Suppose 5 = q, -2*q + 379 = 3*p - j*q. Let f = -132 + p. Let z(u) = -u**2 - 4*u + 3. Calculate z(f).
3
Let s = -699 + 699. Suppose s = 3*j - g - 20, -2*j + 7*j = -4*g + 5. Let b(d) = -d**2 - d**2 + 3*d**2 - 6*d - 2. Determine b(j).
-7
Let g(n) be the third derivative of n**5/120 - 5*n**4/12 + n**3/2 - 5*n**2 + 5*n. Let k(a) be the first derivative of g(a). What is k(8)?
-2
Let r be (-8)/4 - 6/1. Suppose 3*k - 4*u = 28, -5*k + 41 = -2*u - 1. Let z(m) = 10 - 7*m**2 - 6 - m**3 + k*m - 8. Determine z(r).
-4
Let z(w) = -4*w**3 - 230*w**2 - 115*w - 44. Let m be z(-57). Let d(s) = 12 - 6 + 10 + 11*s - s**2. Determine d(m).
-10
Let y = 52 + -48. Suppose -b = 3*x - 6, x + y*b + 4 = -5. Suppose 4*j + u + 19 = 0, -6*j + x*j + 5*u = -3. Let g(o) = 4*o + 4. Calculate g(j).
-12
Let c(t) = 4*t - 36. Let v be (-36)/(-27)*45/6. Let r be c(v). Let q(b) = -b**3 + 3*b**2 + 4*b + 4. Give q(r).
4
Suppose 12*t = 13 + 11. Suppose -t*h - n + 2*n = -20, -n = -5*h + 44. Let u(b) = -b**2 + 9*b - 11. Give u(h).
-3
Let q(b) = 4 - 208*b**2 + 31 + 206*b**2 + 4*b + 22*b - 2. What is q(14)?
5
Let h be ((-8)/(-12))/(6/27). Suppose 0 = -r - n + 2*n + 2, 4*r + h*n = 15. Let s(w) = 50*w**2 + 3*w**3 - 4*w**3 - 49*w**2 - 3. Give s(r).
-21
Let r(s) = -21*s**3 - 41*s - 19*s**2 + 42*s**3 + 43*s - 22*s**3 + 4 + 31. Calculate r(-19).
-3
Let z(p) = -3*p + 81. Let w be z(24). Let v(g) = -g**2 + 0*g**2 - 26*g - 30*g + 66*g - 11. Give v(w).
-2
Suppose 5*s = 2*w + 6*s + 10, -s = -w + 1. Let l(o) = o**3 + 4*o**2 - 3*o + 3. Give l(w).
21
Let u(o) = -5*o**3 - 20*o**2 + 19*o + 40. Let b(r) = 14*r**3 + 60*r**2 - 50*r - 121. Let a(j) = -6*b(j) - 17*u(j). Give a(21).
4
Let r(x) = 4 - 4 - 7*x. Let s(c) = 33*c + 408. Let b be s(-12). Suppose -b = 4*g + 4*h, 4 + 8 = -3*h. What is r(g)?
-7
Let u(f) be the first derivative of -f**4/4 + f**3 - f**2/2 + 10*f + 123. Determine u(3).
7
Suppose -g + 3*m - 46 = 0, 3*g + 4*m + 592 = 532. Let x(s) = -27*s - 760. What is x(g)?
-4
Suppose 3*v - 1403 = -4*f, -10 = 33*f - 38*f. Let z be ((-5)/3)/(v/(-1674)). Let g(c) = -c**3 + 6*c**2 - 3*c + 6. Give g(z).
-12
Let j be (-10)/(-35) - (-3344)/(-532). Let g(r) = -r**2 - 5 + 2*r**2 + 0*r**2 + 2*r + 2*r. What is g(j)?
7
Let a(m) = -2*m**3 + 2*m**2 + 4*m + 1. Let k(b) = -3*b**3 + 5*b**2 + 9*b + 2. Let h(t) = -9*a(t) + 4*k(t). Let p = 59 - 57. Suppose 5*f + 7 = p. Give h(f).
-5
Let h(l) = 959 + 4*l - 13*l + 865 - 1891. Determine h(-9).
14
Let l(n) = n**3 + 18*n**2 + n - 17. Let g be l(-18). Let c be g*(-7)/((-175)/10). Let h = -12 - c. Let b(s) = -s**3 + 3*s**2 - 2. What is b(h)?
2
Let t(v) = -v**3 - 21*v**2 - 29*v